e the remainder when 1359 is divided by 44.
39
What is the remainder when 2036 is divided by 1010?
16
What is the remainder when 22 is divided by 9?
4
Calculate the remainder when 636 is divided by 7.
6
What is the remainder when 539 is divided by 170?
29
What is the remainder when 2449 is divided by 175?
174
What is the remainder when 179 is divided by 61?
57
What is the remainder when 143 is divided by 1?
0
What is the remainder when 1285 is divided by 7?
4
What is the remainder when 931 is divided by 39?
34
Calculate the remainder when 550 is divided by 24.
22
Calculate the remainder when 100 is divided by 54.
46
What is the remainder when 3610 is divided by 84?
82
What is the remainder when 2537 is divided by 47?
46
What is the remainder when 1550 is divided by 506?
32
What is the remainder when 1678 is divided by 60?
58
What is the remainder when 224 is divided by 3?
2
Calculate the remainder when 300 is divided by 62.
52
What is the remainder when 208 is divided by 15?
13
Calculate the remainder when 248 is divided by 88.
72
What is the remainder when 31158 is divided by 82?
80
Calculate the remainder when 396 is divided by 104.
84
What is the remainder when 3450 is divided by 861?
6
What is the remainder when 175 is divided by 62?
51
Calculate the remainder when 191 is divided by 78.
35
Calculate the remainder when 72 is divided by 16.
8
Calculate the remainder when 4199 is divided by 50.
49
What is the remainder when 5654 is divided by 145?
144
Calculate the remainder when 27 is divided by 10.
7
Calculate the remainder when 153 is divided by 72.
9
What is the remainder when 437 is divided by 147?
143
Calculate the remainder when 119 is divided by 30.
29
What is the remainder when 108 is divided by 24?
12
What is the remainder when 349 is divided by 162?
25
What is the remainder when 1087 is divided by 351?
34
What is the remainder when 325 is divided by 109?
107
Calculate the remainder when 218 is divided by 39.
23
Calculate the remainder when 85 is divided by 34.
17
Calculate the remainder when 206 is divided by 26.
24
Calculate the remainder when 85 is divided by 2.
1
Calculate the remainder when 574 is divided by 302.
272
What is the remainder when 11666 is divided by 3887?
5
Calculate the remainder when 414 is divided by 32.
30
Calculate the remainder when 254 is divided by 68.
50
Calculate the remainder when 13965 is divided by 16.
13
Calculate the remainder when 896 is divided by 36.
32
Calculate the remainder when 239 is divided by 21.
8
Calculate the remainder when 748 is divided by 45.
28
Calculate the remainder when 66 is divided by 22.
0
What is the remainder when 1761 is divided by 250?
11
Calculate the remainder when 277 is divided by 9.
7
What is the remainder when 720 is divided by 33?
27
Calculate the remainder when 552 is divided by 140.
132
Calculate the remainder when 9869 is divided by 94.
93
Calculate the remainder when 2444 is divided by 136.
132
Calculate the remainder when 255 is divided by 37.
33
Calculate the remainder when 96 is divided by 20.
16
What is the remainder when 133 is divided by 56?
21
Calculate the remainder when 448 is divided by 11.
8
What is the remainder when 412 is divided by 16?
12
What is the remainder when 319 is divided by 46?
43
Calculate the remainder when 356 is divided by 40.
36
Calculate the remainder when 174 is divided by 49.
27
What is the remainder when 311 is divided by 36?
23
Calculate the remainder when 167 is divided by 124.
43
Calculate the remainder when 143 is divided by 140.
3
What is the remainder when 824 is divided by 53?
29
What is the remainder when 234 is divided by 75?
9
Calculate the remainder when 5698 is divided by 190.
188
What is the remainder when 2682 is divided by 1340?
2
What is the remainder when 305 is divided by 33?
8
What is the remainder when 24268 is divided by 30?
28
Calculate the remainder when 2345 is divided by 107.
98
What is the remainder when 6 is divided by 4?
2
Calculate the remainder when 269 is divided by 90.
89
Calculate the remainder when 2302 is divided by 46.
2
What is the remainder when 2057 is divided by 507?
29
What is the remainder when 615 is divided by 208?
199
What is the remainder when 218 is divided by 203?
15
What is the remainder when 1782 is divided by 10?
2
What is the remainder when 587 is divided by 32?
11
Calculate the remainder when 1561 is divided by 160.
121
Calculate the remainder when 361 is divided by 21.
4
What is the remainder when 1397 is divided by 198?
11
Calculate the remainder when 124 is divided by 24.
4
What is the remainder when 44 is divided by 22?
0
What is the remainder when 76 is divided by 19?
0
What is the remainder when 80 is divided by 68?
12
What is the remainder when 48 is divided by 5?
3
Calculate the remainder when 872 is divided by 73.
69
Calculate the remainder when 507 is divided by 34.
31
What is the remainder when 278 is divided by 40?
38
Calculate the remainder when 378 is divided by 125.
3
Calculate the remainder when 448 is divided by 175.
98
What is the remainder when 63 is divided by 61?
2
What is the remainder when 238 is divided by 117?
4
Calculate the remainder when 11 is divided by 7.
4
Calculate the remainder when 344 is divided by 69.
68
Calculate the remainder when 573 is divided by 18.
15
What is the remainder when 241 is divided by 64?
49
Calculate the remainder when 1388 is divided by 45.
38
What is the remainder when 14 is divided by 3?
2
What is the remainder when 7138 is divided by 11?
10
Calculate the remainder when 937 is divided by 20.
17
What is the remainder when 340 is divided by 31?
30
Calculate the remainder when 250 is divided by 16.
10
What is the remainder when 358 is divided by 6?
4
What is the remainder when 263 is divided by 91?
81
What is the remainder when 363 is divided by 84?
27
Calculate the remainder when 294 is divided by 31.
15
Calculate the remainder when 45 is divided by 5.
0
What is the remainder when 326 is divided by 135?
56
Calculate the remainder when 59 is divided by 20.
19
Calculate the remainder when 327 is divided by 42.
33
Calculate the remainder when 47 is divided by 12.
11
What is the remainder when 129 is divided by 26?
25
Calculate the remainder when 427 is divided by 148.
131
Calculate the remainder when 105 is divided by 27.
24
Calculate the remainder when 77 is divided by 16.
13
What is the remainder when 1394 is divided by 464?
2
Calculate the remainder when 3583 is divided by 298.
7
Calculate the remainder when 1292 is divided by 256.
12
Calculate the remainder when 3453 is divided by 247.
242
Calculate the remainder when 1361 is divided by 66.
41
Calculate the remainder when 5567 is divided by 128.
63
Calculate the remainder when 77 is divided by 41.
36
What is the remainder when 4326 is divided by 29?
5
What is the remainder when 67 is divided by 37?
30
Calculate the remainder when 585 is divided by 31.
27
Calculate the remainder when 1519 is divided by 39.
37
What is the remainder when 1560 is divided by 46?
42
What is the remainder when 406 is divided by 91?
42
Calculate the remainder when 2174 is divided by 5.
4
What is the remainder when 161 is divided by 82?
79
What is the remainder when 612 is divided by 148?
20
Calculate the remainder when 31 is divided by 15.
1
What is the remainder when 2681 is divided by 531?
26
Calculate the remainder when 223 is divided by 125.
98
Calculate the remainder when 1698 is divided by 50.
48
What is the remainder when 426 is divided by 89?
70
Calculate the remainder when 810 is divided by 165.
150
What is the remainder when 5544 is divided by 35?
14
What is the remainder when 648 is divided by 93?
90
Calculate the remainder when 109 is divided by 37.
35
Calculate the remainder when 569 is divided by 44.
41
What is the remainder when 11196 is divided by 80?
76
Calculate the remainder when 1567 is divided by 190.
47
What is the remainder when 6821 is divided by 23?
13
What is the remainder when 3339 is divided by 92?
27
Calculate the remainder when 159 is divided by 24.
15
What is the remainder when 3093 is divided by 514?
9
Calculate the remainder when 2158 is divided by 16.
14
Calculate the remainder when 967 is divided by 322.
1
Calculate the remainder when 16 is divided by 2.
0
C